be 72*56/16 + -5. What is the greatest common divisor of w and 38?
19
Let i be (-10)/(-20)*0/2 - -159. Suppose -6*t + i + 225 = 0. Calculate the greatest common divisor of t and 96.
32
Let g be 4*(11 - (65/(-10) - -7)). Calculate the greatest common divisor of 224 and g.
14
Suppose -o + 11 = -12. Let t(b) = -12*b - 4. Let j(a) = 13*a + 5. Let l(w) = -5*j(w) - 6*t(w). Let z be l(10). Calculate the highest common factor of z and o.
23
Let q(k) = 4*k**3 - 6*k**2 + 1. Let g be q(3). What is the greatest common divisor of 55 and g?
55
Suppose a = -4*r + 57, -3*r - 2*a = -11 - 38. Suppose 24*t + 333 = 5*p + 26*t, -3*t = 3*p - 207. What is the greatest common factor of r and p?
13
Suppose -5*w = 4*f - 550, 3*f + 5*w - 136 - 274 = 0. Calculate the highest common divisor of 20 and f.
20
Let r(p) = -p + 3. Let o be r(0). Suppose -4*j + z = 79, -4*j = 3*z + z + 104. Let d = 45 + j. What is the greatest common divisor of o and d?
3
Let t = -20 + -57. Let r = 80 + t. What is the highest common divisor of r and 21?
3
Let o = -48 - -342. What is the greatest common divisor of o and 42?
42
Suppose 0 = 5*s - 10 - 5. What is the highest common divisor of 15 and s?
3
Let n be (4 + -2)/(8/12). Suppose -36 = -3*o + n*w, -2*o - 3*o + w = -60. Let z be (0 - -1)/(o/144). Calculate the highest common factor of 8 and z.
4
Suppose -6*j = -236 - 148. What is the highest common divisor of 2 and j?
2
Let b(q) = -2*q**3 + 8*q**2 + 12*q + 2. Let t be b(6). Let g be (t/8)/(4/(-16)) - 3. Calculate the greatest common factor of g and 48.
16
Suppose 5*y - 3*v - 98 = -2*v, 2*y + v = 42. Suppose 0 - 4 = -2*l. Suppose 0 = l*u - u - 10. Calculate the greatest common factor of y and u.
10
Let g be 2 + (-2 - 3) - -40. Let d = -7 + g. What is the highest common factor of d and 20?
10
Suppose 1375 = 14*z + 3. Let b = -28 + z. What is the greatest common factor of 35 and b?
35
Suppose 12 = -3*n, 3*z - n - 12 = 7. Let r(q) = 3*q**2 - 11*q - 15. Let t be r(5). Calculate the highest common factor of t and z.
5
Let b = 1 + 76. Let w = -921 + 928. What is the highest common factor of b and w?
7
Suppose -4*r + 4 - 16 = 0. Let b = r - -9. What is the greatest common factor of 12 and b?
6
Let h(y) = 6*y - 5. Suppose -g - 2*g + 6 = 0. Let m be h(g). Suppose 0 = -m*o + 6*o + 14. Calculate the greatest common divisor of o and 28.
14
Let y = 124 - 8. Calculate the greatest common divisor of 87 and y.
29
Let i(h) = h + 100 + h**2 + h**3 - 30 - h**2. Let v be i(0). What is the greatest common factor of 14 and v?
14
Suppose -14*u = -25 - 3. Let q be ((-2 - 13) + u)*-1. Let s = 8 - -5. Calculate the greatest common factor of s and q.
13
Let u be (-1)/(-1 + (-16)/(-18)). Let r(s) = 2*s**2 - 122*s + 147. Let m be r(60). What is the highest common divisor of u and m?
9
Let l = 1738 + -1674. Calculate the greatest common factor of l and 544.
32
Suppose y + 3*c = -22, -2*c = 1 + 7. Let g be (3*-2)/(y/5). Let v be 5/(g/(1 - -2)). What is the greatest common divisor of v and 45?
5
Let f = -6 + 9. Suppose a + 32 = f*a. Let t = 92 + 36. Calculate the highest common factor of a and t.
16
Let g = -1105 - -1133. What is the highest common divisor of 700 and g?
28
Suppose i + f - 4 = -3*f, -2*i = -f + 1. Let d(u) = 0*u**2 + 0 - u**2 + 7. Let a be d(i). Calculate the highest common divisor of a and 7.
7
Let b = 76 - 12. Let l = 2 + 2. What is the greatest common divisor of l and b?
4
Let k(w) = 2*w**3 + w**2 - w + 2. Let g be k(2). Let v be (-3)/12 + (-17)/(-4). Suppose v*r = 6*r - 10. What is the greatest common factor of r and g?
5
Suppose 4*j - 9 = -8*t + 3*t, -15 = t + 5*j. Let a = 54 - 14. Calculate the greatest common divisor of a and t.
5
Let l(x) = 1. Let z(y) = -y**2 + 15*y - 27. Let r(v) = -2*l(v) - z(v). Let m be r(14). Calculate the greatest common factor of 66 and m.
11
Let s(t) = -t**3 - 3*t**2 + 20*t - 14. Let p be s(-7). What is the highest common factor of 63 and p?
21
Let u be 3*2/2 + 132. Let l = 54 + -27. What is the greatest common divisor of l and u?
27
Let i(y) = -33*y**3 - 1. Let x be i(1). Let j = x - -40. Calculate the greatest common factor of 6 and j.
6
Let a(z) = 4*z**3 - z**2. Let v be a(1). Suppose -4*k + 19 - 55 = 0. Let j be 2/k - 56/(-9). Calculate the greatest common factor of j and v.
3
Let m(k) = k**2 + 6*k + 17. Let b be m(-5). What is the greatest common factor of b and 6?
6
Let h = -273 + 948. Calculate the highest common divisor of 300 and h.
75
Let p = 23 - 26. Let o = p + -3. Let m = 26 + o. Calculate the highest common divisor of m and 10.
10
Suppose 51 = b - 2*v - 308, -5*b + 1807 = -4*v. Let p = -34 + 67. Calculate the greatest common factor of p and b.
33
Suppose 182 = 8*o - o. Let r be -1 - -2 - (-48 + -3). Suppose 5*b = b + r. Calculate the greatest common factor of o and b.
13
Suppose -3*s - 12 = -0*s. Let j(z) = 2*z**2 + 5*z - 2. Let d be j(s). Let y = -1958 - -1978. Calculate the highest common divisor of y and d.
10
Let z be (-328)/(-14) + (-324)/(-567). Calculate the greatest common factor of z and 408.
24
Let j(r) = 4*r**2 + 21*r - 24. Let v be j(12). What is the highest common divisor of 12 and v?
12
Suppose 0 = -4*x + 3*c + 348, 3*x + 5*c = c + 286. What is the highest common divisor of 315 and x?
45
Let d = 293 + -163. Let z = -714 - -740. Calculate the highest common divisor of d and z.
26
Suppose 4*x + x + 6 = b, 1 = b. Let y be 0 - (x + -173)/2. Suppose 24*c - 23*c = y. Calculate the greatest common factor of 58 and c.
29
Suppose 5*l + 264 = 34. Let v be (-2)/6 + l*22/(-12). What is the highest common divisor of 56 and v?
28
Suppose 0 = c + 5*r + 16 - 100, r + 113 = 2*c. Let m = 62 - c. Suppose -x = 2 - 4, -5*q + 129 = -3*x. Calculate the greatest common factor of m and q.
3
Let l be (-57)/(-19) - (-153 + 2). Suppose 10 = -8*r + l. What is the greatest common factor of 6 and r?
6
Let i(y) = -y - 15. Let p be i(-8). Let f be (-13)/p + (-1)/(-7). Suppose -t + f = -6. Calculate the highest common factor of 64 and t.
8
Let g = 170 - 107. Calculate the greatest common divisor of 441 and g.
63
Let u(n) = 21*n - 7. Let a be u(6). Let x(o) = o**3 - 16*o**2 + 4*o + 4. Let f be x(16). Suppose 12*j + f = 16*j. What is the highest common divisor of j and a?
17
Let y(n) = -n**2 - 21*n - 10. Suppose -14*l + 14 = -16*l. Let b be y(l). What is the highest common factor of b and 8?
8
Let h be -2 + 0 + 5 + 94/(-1). Let o = -21 - h. Let g be (-112)/(-12) + 2/3. What is the highest common factor of o and g?
10
Let t = 3282 + -3248. Let b(f) = 17*f + 1. Let k be b(4). Suppose -2*h + k = -67. What is the greatest common divisor of h and t?
34
Suppose 0 = -46*f + 49*f - 3*x - 291, -x = -3*f + 295. What is the greatest common factor of f and 341?
11
Suppose -x = 4*k - 52, 0*k + 5*x - 44 = -2*k. Calculate the greatest common divisor of k and 30.
6
Let o be -16*(2 + -3 + 2). Let v = o - -18. What is the greatest common factor of v and 18?
2
Suppose -10*p - 498 = -4*p. Let w = p - -87. What is the greatest common factor of w and 8?
4
Suppose -3*c + 3*f = -252, 0*c + c + 3*f - 76 = 0. Let w be 2/(-6) - c/(-3). Let p = 7 + -4. Calculate the highest common divisor of p and w.
3
Suppose -5659 = -7*g - 759. Calculate the greatest common divisor of g and 14.
14
Let s(v) = v**3 - 4*v**2 + 2*v - 4. Let y be 0 + 32/6 - (-20)/(-15). Let t be s(y). What is the highest common divisor of t and 8?
4
Let v(d) = d**3 + 6*d**2 + 11*d + 24. Let q be v(-4). Let l(p) = 12*p. Let k be l(1). What is the highest common divisor of k and q?
12
Suppose 4*a + 3 + 613 = r, 3*a = -12. Let v = 3 + 1. Suppose -v*o = -7*o + r. What is the greatest common divisor of o and 25?
25
Let a be 4/(-14) - (-407)/77. Let y = a + -9. Let g be (y/(-6))/(8/324). What is the highest common factor of g and 18?
9
Let z = 29 + -7. Let c be (-8 + -1)*66/(-9). Calculate the greatest common factor of c and z.
22
Suppose -5*o + 541 = 4*b - 6*o, 5*b - 671 = -4*o. Calculate the highest common factor of b and 180.
45
Let k = 124 - 121. Calculate the highest common factor of 5 and k.
1
Suppose -5*v + f = -11097, -2*v = -f + 2*f - 4443. Calculate the greatest common divisor of 60 and v.
60
Let a = 1470 - 1401. What is the highest common factor of a and 184?
23
Suppose 0 = 4*q - 20, 187 = 3*v - 16*q + 12*q. Calculate the greatest common